{"id":391,"date":"2020-10-26T13:32:12","date_gmt":"2020-10-26T12:32:12","guid":{"rendered":"http:\/\/172.20.161.79\/wordpress\/rh\/?page_id=391"},"modified":"2022-12-30T12:19:11","modified_gmt":"2022-12-30T11:19:11","slug":"processus-de-recrutement","status":"publish","type":"page","link":"https:\/\/www.beac.int\/recrutement\/processus-de-recrutement\/","title":{"rendered":"Processus de recrutement"},"content":{"rendered":"<p>[vc_row css=&#8221;.vc_custom_1630383854190{padding-top: 0px !important;padding-bottom: 0px !important;}&#8221; el_class=&#8221;beac-box&#8221;][vc_column][vc_column_text]<\/p>\n<h1>1- G\u00e9n\u00e9ralit\u00e9s<\/h1>\n<p>La Banque Centrale comprend 02 principales cat\u00e9gories socio-professionnelles, \u00e0 savoir :<\/p>\n<ol>\n<li>Les Agents des Clauses et Conditions G\u00e9n\u00e9rales (ACCG)<br \/>\nIls sont r\u00e9partis en 02 groupes :<\/p>\n<ul>\n<li>les Agents d\u2019Ex\u00e9cution de 1\u00e8re, 2\u00e8me et 3\u00e8me cat\u00e9gories ;<\/li>\n<li>les Agents d\u2019Encadrement Moyen (AEM) de 4\u00e8me et 5\u00e8me cat\u00e9gories.<\/li>\n<\/ul>\n<\/li>\n<li>Les Agents d\u2019Encadrement Sup\u00e9rieur (AES).L\u2019encadrement sup\u00e9rieur comprend :\n<ul>\n<li>les Agents de la 1\u00e8re \u00e0 la 4\u00e8me cat\u00e9gorie ;<\/li>\n<li>les Agents de la 5\u00e8me cat\u00e9gorie pour les Directeurs Centraux et Nationaux.<\/li>\n<\/ul>\n<\/li>\n<\/ol>\n<p>[\/vc_column_text][vc_column_text]<\/p>\n<h1>2- Modes de recrutement<\/h1>\n<p>La BEAC recrute son personnel suivant deux (02) principaux canaux, \u00e0 savoir :<\/p>\n<ul>\n<li>Le recrutement par voie de concours,<\/li>\n<li>Le recrutement\u00a0 direct<\/li>\n<\/ul>\n<p>[\/vc_column_text][vc_text_separator title=&#8221;Le recrutement par voie de concours&#8221; color=&#8221;blue&#8221; el_class=&#8221;ligne-separateur&#8221;][vc_column_text]Il est r\u00e9serv\u00e9 aux emplois de l\u2019encadrement sup\u00e9rieur et \u00e0 ceux de l\u2019encadrement moyen. Il concerne essentiellement les emplois en Contrat \u00e0 Dur\u00e9e Ind\u00e9termin\u00e9e (CDI).<br \/>\nLes crit\u00e8res d\u2019\u00e9ligibilit\u00e9 au concours sont d\u00e9clin\u00e9s ci-apr\u00e8s :<\/p>\n<h5 class=\"h5_\">Pour les Agents des Clauses et Conditions G\u00e9n\u00e9rales<\/h5>\n<p>Tout candidat doit :<\/p>\n<ol>\n<li>\u00eatre \u00e2g\u00e9 de 18 ans r\u00e9volus ;<\/li>\n<li>\u00eatre ressortissant de l\u2019un des Etats membres de la CEMAC ;<\/li>\n<li>jouir de ses droits civiques ;<\/li>\n<li>fournir pr\u00e9alablement \u00e0 son engagement les pi\u00e8ces suivantes :\n<ul>\n<li style=\"list-style-type: none;\">\n<ul>\n<li>une pi\u00e8ce \u00e9tablissant son \u00e9tat-civil,<\/li>\n<li>un extrait de son casier judiciaire datant de moins de trois mois,<\/li>\n<li>une copie certifi\u00e9e conforme de ses dipl\u00f4mes,<\/li>\n<li>une pi\u00e8ce attestant sa situation vis \u00e0 vis du service militaire ou civique s\u2019il y a lieu,<\/li>\n<\/ul>\n<\/li>\n<\/ul>\n<\/li>\n<li>satisfaire aux \u00e9preuves d\u2019aptitude professionnelle pr\u00e9vues par la Banque,<\/li>\n<li>satisfaire aux examens m\u00e9dicaux d\u2019aptitude \u00e0 l\u2019emploi envisag\u00e9es devant les m\u00e9decins d\u00e9sign\u00e9s par la Banque Centrale.<\/li>\n<\/ol>\n<h5 class=\"h5_\">Pour l\u2019encadrement sup\u00e9rieur<\/h5>\n<p>Tout candidat doit\u00a0:<\/p>\n<ol>\n<li>\u00eatre \u00e2g\u00e9 de 21 ans au moins et de 32 ans au plus. Cette limite d\u2019\u00e2ge est port\u00e9e \u00e0 35 ans pour les candidats qui ont d\u00e9j\u00e0 exerc\u00e9 des responsabilit\u00e9s \u00e0 un niveau d\u2019encadrement sup\u00e9rieur dans le domaine financier, commercial, bancaire ou juridique et qui le justifient par une activit\u00e9 professionnelle de 5 ans au moins ;<\/li>\n<li>\u00eatre ressortissant de l\u2019un des \u00e9tats membres de la CEMAC ;<\/li>\n<li>jouir de ses droits civiques\u00a0;<\/li>\n<li>fournir pr\u00e9alablement \u00e0 son engagement les pi\u00e8ces suivantes\u00a0:\n<ul>\n<li style=\"list-style-type: none;\">\n<ul>\n<li>une pi\u00e8ce \u00e9tablissant son \u00e9tat-civil<\/li>\n<li>un extrait de son casier judiciaire datant au moins de trois mois\u00a0;<\/li>\n<li>une copie certifi\u00e9e conforme de ses dipl\u00f4mes\u00a0;<\/li>\n<li>une pi\u00e8ce attestant sa situation vis-\u00e0-vis du service militaire ou civique s\u2019il y a lieu.<\/li>\n<\/ul>\n<\/li>\n<\/ul>\n<\/li>\n<li>fournir les certificats attestant des emplois ant\u00e9rieurs le cas \u00e9ch\u00e9ant ;<\/li>\n<li>satisfaire aux \u00e9preuves d\u2019aptitude professionnelle pr\u00e9vues par la Banque;<\/li>\n<li>satisfaire aux examens m\u00e9dicaux d\u2019aptitude \u00e0 l\u2019emploi envisag\u00e9es devant les m\u00e9decins d\u00e9sign\u00e9s par la Banque Centrale.<\/li>\n<\/ol>\n<p>Tout autre document suppl\u00e9mentaire tenant compte des sp\u00e9cificit\u00e9s du poste \u00e0 pourvoir.<\/p>\n<p><strong>Toute candidature ne remplissant pas ces crit\u00e8res est exclue d\u2019office.<\/strong>[\/vc_column_text][vc_text_separator title=&#8221;Le recrutement direct&#8221; color=&#8221;blue&#8221; el_class=&#8221;ligne-separateur&#8221;][vc_column_text]Ce type de recrutement est r\u00e9serv\u00e9 \u00e0 certains profils ou m\u00e9tiers sp\u00e9cifiques. Il concerne exclusivement les emplois des Agents des Clauses et Conditions G\u00e9n\u00e9rales.<\/p>\n<p>Il peut \u00e9galement couvrir autant les emplois en CDD que les emplois en CDI.<\/p>\n<p>A la diff\u00e9rence du recrutement par voie de concours qui concerne plusieurs postes \u00e0 pourvoir , le recrutement direct peut ne porter que sur un seul poste.[\/vc_column_text]        <section class=\"careerfy-fancy-title\">\r\n                \r\n        <h2>Les diff\u00e9rentes phases du processus de recrutement<\/h2>\r\n                    <p>De mani\u00e8re globale, le processus de recrutement suit les \u00e9tapes \u00e9num\u00e9r\u00e9es ci-apr\u00e8s:<\/p>\r\n                    <\/section>\r\n\r\n        <div class=\"careerfy-classic-services\"><ul class=\"row\">\r\n        \r\n        <li class=\"col-md-4\">\r\n            <span>1<\/span>\r\n            <i class=\"careerfy-icon careerfy-folder\"><\/i>\r\n            <h2><a href=\"#h_selection\">La s\u00e9lection<\/a><\/h2>\r\n            <p><\/p>\r\n        <\/li>\r\n        <li class=\"col-md-4\">\r\n            <span>2<\/span>\r\n            <i class=\"careerfy-icon careerfy-pen\"><\/i>\r\n            <h2><a href=\"#h_ecrit\">L\u2019\u00e9crit<\/a><\/h2>\r\n            <p><\/p>\r\n        <\/li>\r\n        <li class=\"col-md-4\">\r\n            <span>3<\/span>\r\n            <i class=\"careerfy-icon careerfy-support\"><\/i>\r\n            <h2><a href=\"#h_oral\">L'oral<\/a><\/h2>\r\n            <p><\/p>\r\n        <\/li>\r\n        <li class=\"col-md-4\">\r\n            <span>4<\/span>\r\n            <i class=\"careerfy-icon careerfy-company-workers\"><\/i>\r\n            <h2><a href=\"#h_admission\">L'admission<\/a><\/h2>\r\n            <p><\/p>\r\n        <\/li>\r\n        <li class=\"col-md-4\">\r\n            <span>5<\/span>\r\n            <i class=\"careerfy-icon careerfy-briefcase-time\"><\/i>\r\n            <h2><a href=\"#h_preemploi\">Le pr\u00e9-emploi<\/a><\/h2>\r\n            <p><\/p>\r\n        <\/li>\r\n        <li class=\"col-md-4\">\r\n            <span>6<\/span>\r\n            <i class=\"careerfy-icon careerfy-handshake\"><\/i>\r\n            <h2><a href=\"#h_embauche\">L\u2019embauche<\/a><\/h2>\r\n            <p><\/p>\r\n        <\/li>\r\n        <li class=\"col-md-4\">\r\n            <span>7<\/span>\r\n            <i class=\"careerfy-icon careerfy-company-workers\"><\/i>\r\n            <h2><a href=\"#h_postembauche\">L\u2019int\u00e9gration post-embauche<\/a><\/h2>\r\n            <p><\/p>\r\n        <\/li>\r\n        <\/ul><\/div>\n[vc_column_text]<\/p>\n<h5 id=\"h_selection\"><u>La s\u00e9lection<\/u><\/h5>\n<p>Apr\u00e8s r\u00e9ception et traitement des candidatures sur la base des termes de l\u2019Avis de recrutement, les candidats \u00e9ligibles et autoris\u00e9s \u00e0 concourir sont inform\u00e9s de la suite du processus par diff\u00e9rents canaux officiels choisis par la Banque Centrale.<\/p>\n<h5 id=\"h_ecrit\"><u>L\u2019\u00e9crit <\/u><\/h5>\n<p>La phase \u00e9crite comprend habituellement\u00a0:<\/p>\n<ul>\n<li>des \u00e9preuves sp\u00e9cifiques au m\u00e9tier\u00a0;<\/li>\n<li>des \u00e9preuves de culture g\u00e9n\u00e9rale\u00a0;<\/li>\n<\/ul>\n<p>A l\u2019issue de cette phase, les candidats admissibles sont convoqu\u00e9s \u00e0 la phase d\u2019entretiens. Ces entretiens peuvent avoir lieu dans les Directions Nationales pour les candidats aux fonctions d\u2019Agents des Clauses et Conditions G\u00e9n\u00e9rales ou au Si\u00e8ge de la BEAC bas\u00e9 \u00e0 Yaound\u00e9, pour les candidats aux fonctions d\u2019Agents d&#8217;Encadrement Sup\u00e9rieur exclusivement.<\/p>\n<h5 id=\"h_oral\"><u>L\u2019oral <\/u><\/h5>\n<p>La phase orale peut comprendre un entretien et un test psychotechnique (facultatif).<\/p>\n<p>Les entretiens, \u00e9l\u00e9ment cl\u00e9 de la <strong>seconde phase<\/strong>, se font devant un jury.<\/p>\n<h5 id=\"h_admission\"><u>L\u2019admission<\/u><\/h5>\n<p>Les candidats retenus \u00e0 la fin de la phase d\u2019entretiens sont notifi\u00e9s de leur admission et soumis aux formalit\u00e9s li\u00e9es \u00e0 leur embauche.<\/p>\n<p>Une notification de recrutement est transmise aux candidats retenus \u00e0 l\u2019issue de cette phase.<\/p>\n<p>Cette notification d\u00e9finit entre autres la p\u00e9riode d\u2019essai et de stage, les conditions de travail, la classification d\u2019entr\u00e9e et les \u00e9l\u00e9ments de r\u00e9mun\u00e9ration pr\u00e9vus pour l\u2019emploi concern\u00e9 selon la grille salariale de la Banque Centrale.<\/p>\n<h5 id=\"h_preemploi\"><u>Le pr\u00e9-emploi <strong>(p\u00e9riode probatoire)<\/strong><\/u><\/h5>\n<p>Les candidats ayant \u00e9t\u00e9 retenus \u00e0 l\u2019issue du concours sont engag\u00e9s \u00e0 l\u2019essai comprenant une p\u00e9riode stage pour les Agents d\u2019Encadrement Moyen (AEM) suivant les dispositions en vigueur pour une dur\u00e9e pouvant aller jusqu\u2019\u00e0 neuf (09) mois.<\/p>\n<p>Les candidats aux emplois de l\u2019encadrement sup\u00e9rieur sont admis en stage de pr\u00e9-embauche pour une dur\u00e9e pouvant aller jusqu\u2019\u00e0 douze (12) mois. Cette p\u00e9riode comprend une phase th\u00e9orique de formation aux diff\u00e9rents m\u00e9tiers de la Banque et une phase pratique marqu\u00e9e par une immersion dans les Services op\u00e9rationnels des diff\u00e9rents Centres de la Banque Centrale.<\/p>\n<p>Le stagiaire est ainsi tenu de se familiariser \u00e0 la culture d\u2019entreprise propre \u00e0<strong> la Banque Centrale\u00a0<\/strong>cristallis\u00e9e dans les valeurs telles que la probit\u00e9, la discipline, la performance et l\u2019excellence.<\/p>\n<p>La p\u00e9riode de pr\u00e9-emploi constitue une p\u00e9riode au cours de laquelle le stagiaire est amen\u00e9 \u00e0 d\u00e9couvrir et int\u00e9grer les valeurs de la Banque en compl\u00e9ment des aspects techniques sp\u00e9cifiques aux m\u00e9tiers auxquels il est form\u00e9.<\/p>\n<h5 id=\"h_embauche\"><u>L\u2019embauche <\/u><\/h5>\n<p>A l\u2019issue de cette p\u00e9riode, les candidats ayant satisfait \u00e0 la phase probatoire pr\u00e9vue \u00e0 cet effet sont titularis\u00e9s et confirm\u00e9s dans leurs emplois respectifs. Un contrat d\u00e9finitif leur est propos\u00e9 \u00e0 ce titre.<\/p>\n<h5 id=\"h_postembauche\"><u>L\u2019int\u00e9gration post-embauche<\/u><\/h5>\n<p>Apr\u00e8s l\u2019embauche, le nouvel agent b\u00e9n\u00e9ficie d\u2019un accompagnement qui peut prendre diverses formes afin de lui faciliter une meilleure int\u00e9gration dans la culture de la BEAC et de lui donner les moyens d\u2019une performance optimale dans les nouvelles fonctions.<\/p>\n<p>L\u2019int\u00e9gration \u00e0 la Banque pr\u00e9voit selon les cas, entre autres\u00a0:<\/p>\n<ul>\n<li><strong>Le tutorat<\/strong>: il se caract\u00e9rise par un accompagnement du nouvel employ\u00e9 un plus ancien dans la fonction ou plus exp\u00e9riment\u00e9 dans le domaine. Ainsi, durant cette p\u00e9riode, ils travaillent en double-commande afin d\u2019assurer un transfert de comp\u00e9tences au nouveau.<\/li>\n<li><strong>Le stage d\u2019impr\u00e9gnation\u00a0<\/strong>: il concerne essentiellement les agents affect\u00e9s \u00e0 des postes tr\u00e8s sensibles et dont l\u2019adaptation requiert un accompagnement rapproch\u00e9 et pluridimensionnel pour une meilleure assimilation des processus. Il peut porter soit sur un processus pr\u00e9cis soit sur l\u2019ensemble des processus concern\u00e9s.<\/li>\n<li><strong>Les autres offres de professionnalisation<\/strong> : Cela se fait selon le profil ou les exigences du poste occup\u00e9 ou pressenti d\u2019une part, et les enjeux strat\u00e9giques de la Banque d\u2019autre part. Elles peuvent consister en une immersion dans une Institution financi\u00e8re partenaire, un cabinet sp\u00e9cialis\u00e9 ou une inscription \u00e0 un programme de certification et \u00e9galement \u00e0 des colloques, s\u00e9minaires ou conf\u00e9rences sur des sujets pr\u00e9cis.<\/li>\n<\/ul>\n<p style=\"text-align: justify;\">Dans le cadre des partenariats avec les Institutions \u0153uvrant dans les domaines de l\u2019\u00e9conomie, de la finance ou du d\u00e9veloppement, les agents (anciens comme nouveaux en d\u00e9but de carri\u00e8re) peuvent \u00eatre inscrits dans des programmes de partage et de renforcement de comp\u00e9tences aupr\u00e8s des institutions telles que le FMI, la Banque de France, la Banque Mondiale, la BAD, etc&#8230;<\/p>\n<p>[\/vc_column_text][vc_text_separator title=&#8221;NOTICE SUR LE PORTAIL&#8221; color=&#8221;blue&#8221; style=&#8221;double&#8221; el_width=&#8221;50&#8243; el_class=&#8221;ligne-separateur l2 no-display no_display&#8221; css=&#8221;.vc_custom_1671452796908{margin-top: 150px !important;}&#8221;][vc_column_text css=&#8221;.vc_custom_1671452804438{padding-top: 0px !important;padding-bottom: 0px !important;}&#8221; el_class=&#8221;no-display no_display&#8221;]Ce portail pr\u00e9sente l\u2019ensemble des informations sur la politique RH de la Banque et constitue une plateforme \u00e0 travers laquelle non seulement elle communique sur ses avis de recrutement et collecte \u00e9galement les candidatures autant spontan\u00e9es que celle faisant suite \u00e0 un avis de concours ou de vacance de poste.<\/p>\n<p>Pour son exploration, \u00ab\u00a0<strong>le parcours du candidat<\/strong>\u00a0\u00bb est pr\u00e9sent\u00e9 dans le spot ci-dessous.[\/vc_column_text][\/vc_column][\/vc_row]<\/p>\n","protected":false},"excerpt":{"rendered":"<p>[vc_row css=&#8221;.vc_custom_1630383854190{padding-top: 0px !important;padding-bottom: 0px !important;}&#8221; el_class=&#8221;beac-box&#8221;][vc_column][vc_column_text] 1- G\u00e9n\u00e9ralit\u00e9s La Banque Centrale comprend 02 principales cat\u00e9gories socio-professionnelles, \u00e0 savoir : Les Agents des Clauses et Conditions G\u00e9n\u00e9rales (ACCG) Ils sont r\u00e9partis en 02 groupes : les Agents d\u2019Ex\u00e9cution de 1\u00e8re, 2\u00e8me et 3\u00e8me cat\u00e9gories ; les Agents d\u2019Encadrement Moyen (AEM) de 4\u00e8me et 5\u00e8me cat\u00e9gories&#8230;.<\/p>\n","protected":false},"author":1,"featured_media":0,"parent":0,"menu_order":0,"comment_status":"closed","ping_status":"closed","template":"","meta":{"footnotes":""},"class_list":["post-391","page","type-page","status-publish","hentry"],"_links":{"self":[{"href":"https:\/\/www.beac.int\/recrutement\/wp-json\/wp\/v2\/pages\/391","targetHints":{"allow":["GET"]}}],"collection":[{"href":"https:\/\/www.beac.int\/recrutement\/wp-json\/wp\/v2\/pages"}],"about":[{"href":"https:\/\/www.beac.int\/recrutement\/wp-json\/wp\/v2\/types\/page"}],"author":[{"embeddable":true,"href":"https:\/\/www.beac.int\/recrutement\/wp-json\/wp\/v2\/users\/1"}],"replies":[{"embeddable":true,"href":"https:\/\/www.beac.int\/recrutement\/wp-json\/wp\/v2\/comments?post=391"}],"version-history":[{"count":0,"href":"https:\/\/www.beac.int\/recrutement\/wp-json\/wp\/v2\/pages\/391\/revisions"}],"wp:attachment":[{"href":"https:\/\/www.beac.int\/recrutement\/wp-json\/wp\/v2\/media?parent=391"}],"curies":[{"name":"wp","href":"https:\/\/api.w.org\/{rel}","templated":true}]}}