{"id":202,"date":"2017-12-14T09:50:03","date_gmt":"2017-12-14T09:50:03","guid":{"rendered":"https:\/\/jobunt.com\/\/?page_id=537"},"modified":"2026-05-07T16:49:58","modified_gmt":"2026-05-07T15:49:58","slug":"faqs","status":"publish","type":"page","link":"https:\/\/www.beac.int\/recrutement\/faqs\/","title":{"rendered":"FAQ"},"content":{"rendered":"<p>[vc_row][vc_column]<div class=\"careerfy-services-classic\"><ul class=\"row\">\r\n        \r\n        <li class=\"col-md-4\">\r\n            <span><i class=\"careerfy-icon careerfy-curriculum\"><\/i><\/span>\r\n            <h2>CV Search<\/h2>\r\n            <p>Over the coming years Ismail worked with a number of remittance businesses as well as international policy makers.<\/p>\r\n            \r\n        <\/li>\r\n        <li class=\"col-md-4\">\r\n            <span><i class=\"careerfy-icon careerfy-building\"><\/i><\/span>\r\n            <h2>Recruiter Profiles<\/h2>\r\n            <p>And because we understand the importance of staying connected, Nimble enables people to send mobile airtime top-ups.<\/p>\r\n            \r\n        <\/li>\r\n        <li class=\"col-md-4\">\r\n            <span><i class=\"careerfy-icon careerfy-briefcase\"><\/i><\/span>\r\n            <h2>Advertise a Job<\/h2>\r\n            <p>Millions of us now rely on Mobile Money services instead of bank accounts, so we offer transfers directly to them.<\/p>\r\n            \r\n        <\/li>\r\n        <\/ul><\/div>\n[\/vc_column][\/vc_row][vc_row][vc_column width=&#8221;1\/4&#8243;]        <div class=\"widget careerfy-search-form-widget\">\r\n            <form autocomplete=\"off\" method=\"get\">\r\n                <label>Find Your Question:<\/label>\r\n                <input placeholder=\"Keyword\" type=\"text\" value=\"\" name=\"keyword\">\r\n                <input type=\"submit\" value=\"\">\r\n                <i class=\"fa fa-search\"><\/i>\r\n            <\/form>\r\n        <\/div>\r\n        <div class=\"widget widget-text-info\">\r\n        <h2 class=\"careerfy-slash-title\">Vous ne trouvez pas une question?<\/h2>\r\n        <p>Vous ne trouvez pas la r\u00e9ponse \u00e0 votre question ? Aucun probl\u00e8me!<\/p>\r\n        <a href=\"https:\/\/www.beac.int\/contact\/\" class=\"careerfy-text-btn careerfy-bgcolor\">contactez nous<\/a>\r\n    <\/div>\r\n    [\/vc_column][vc_column width=&#8221;3\/4&#8243;]        <div class=\"careerfy-section-title\"><h2>QUESTIONS FREQUEMMENT POSEES<\/h2><\/div>\r\n                    <div class=\"panel-group careerfy-accordion-style2\" id=\"accordion-79176851\">\r\n                                    <div class=\"panel panel-default\">\r\n                        <div class=\"panel-heading\">\r\n                            <h4 class=\"panel-title\">\r\n                                <a class=\"collapsed\" role=\"button\"\r\n                                                                                            data-toggle=\"collapse\"\r\n                                                                                            data-parent=\"#accordion-79176851\"\r\n                                                                                            href=\"#collapse-72486536\"\r\n                                                                                            aria-expanded=\"true\"\r\n                                                                                            aria-controls=\"collapse-72486536\">\r\n\r\n                                    Comment puis-je postuler \u00e0 une offre d\u2019emploi ?                                    <i class=\"careerfy-icon careerfy-arrow-right-fill\"><\/i>\r\n                                <\/a>\r\n                            <\/h4>\r\n                        <\/div>\r\n                        <div id=\"collapse-72486536\"\r\n                             class=\"panel-collapse collapse \">\r\n                            <div class=\"panel-body\">\r\n                                <p>Vous pouvez postuler directement en cliquant sur le bouton &#8220;Postuler&#8221; pr\u00e9sent sur chaque annonce. Il vous sera demand\u00e9 de cr\u00e9er un compte candidat et renseigner les informations \u00e0 75%<\/p>\n                            <\/div>\r\n                        <\/div>\r\n                    <\/div>\r\n                                        <div class=\"panel panel-default\">\r\n                        <div class=\"panel-heading\">\r\n                            <h4 class=\"panel-title\">\r\n                                <a class=\"collapsed\" role=\"button\"\r\n                                                                                            data-toggle=\"collapse\"\r\n                                                                                            data-parent=\"#accordion-79176851\"\r\n                                                                                            href=\"#collapse-47545381\"\r\n                                                                                            aria-expanded=\"true\"\r\n                                                                                            aria-controls=\"collapse-47545381\">\r\n\r\n                                    Comment \u00eatre s\u00fbr que ma candidature a \u00e9t\u00e9 retenue ?                                    <i class=\"careerfy-icon careerfy-arrow-right-fill\"><\/i>\r\n                                <\/a>\r\n                            <\/h4>\r\n                        <\/div>\r\n                        <div id=\"collapse-47545381\"\r\n                             class=\"panel-collapse collapse \">\r\n                            <div class=\"panel-body\">\r\n                                <p>La liste des candidats retenus ou \u00e9ligibles \u00e0 un recrutement est publi\u00e9e sur le site de la BEAC<\/p>\n                            <\/div>\r\n                        <\/div>\r\n                    <\/div>\r\n                                        <div class=\"panel panel-default\">\r\n                        <div class=\"panel-heading\">\r\n                            <h4 class=\"panel-title\">\r\n                                <a class=\"collapsed\" role=\"button\"\r\n                                                                                            data-toggle=\"collapse\"\r\n                                                                                            data-parent=\"#accordion-79176851\"\r\n                                                                                            href=\"#collapse-11796814\"\r\n                                                                                            aria-expanded=\"true\"\r\n                                                                                            aria-controls=\"collapse-11796814\">\r\n\r\n                                    Quels formats de documents sont accept\u00e9s ?                                    <i class=\"careerfy-icon careerfy-arrow-right-fill\"><\/i>\r\n                                <\/a>\r\n                            <\/h4>\r\n                        <\/div>\r\n                        <div id=\"collapse-11796814\"\r\n                             class=\"panel-collapse collapse \">\r\n                            <div class=\"panel-body\">\r\n                                <p>Notre plateforme accepte les formats PDF, JPEG et PNG, avec une taille maximale de 2 Mo.<\/p>\n                            <\/div>\r\n                        <\/div>\r\n                    <\/div>\r\n                                        <div class=\"panel panel-default\">\r\n                        <div class=\"panel-heading\">\r\n                            <h4 class=\"panel-title\">\r\n                                <a class=\"collapsed\" role=\"button\"\r\n                                                                                            data-toggle=\"collapse\"\r\n                                                                                            data-parent=\"#accordion-79176851\"\r\n                                                                                            href=\"#collapse-28700314\"\r\n                                                                                            aria-expanded=\"true\"\r\n                                                                                            aria-controls=\"collapse-28700314\">\r\n\r\n                                    Puis-je postuler \u00e0 plusieurs offres en m\u00eame temps ?                                    <i class=\"careerfy-icon careerfy-arrow-right-fill\"><\/i>\r\n                                <\/a>\r\n                            <\/h4>\r\n                        <\/div>\r\n                        <div id=\"collapse-28700314\"\r\n                             class=\"panel-collapse collapse \">\r\n                            <div class=\"panel-body\">\r\n                                <p>Oui, il est possible de postuler \u00e0 differentes offres mais pas \u00e0 differents postes du m\u00eame avis de recrutement.<\/p>\n                            <\/div>\r\n                        <\/div>\r\n                    <\/div>\r\n                                        <div class=\"panel panel-default\">\r\n                        <div class=\"panel-heading\">\r\n                            <h4 class=\"panel-title\">\r\n                                <a class=\"collapsed\" role=\"button\"\r\n                                                                                            data-toggle=\"collapse\"\r\n                                                                                            data-parent=\"#accordion-79176851\"\r\n                                                                                            href=\"#collapse-68795508\"\r\n                                                                                            aria-expanded=\"true\"\r\n                                                                                            aria-controls=\"collapse-68795508\">\r\n\r\n                                    Comment savoir si ma candidature a \u00e9t\u00e9 re\u00e7ue ?                                    <i class=\"careerfy-icon careerfy-arrow-right-fill\"><\/i>\r\n                                <\/a>\r\n                            <\/h4>\r\n                        <\/div>\r\n                        <div id=\"collapse-68795508\"\r\n                             class=\"panel-collapse collapse \">\r\n                            <div class=\"panel-body\">\r\n                                <p>Apr\u00e8s soumission, vous recevrez un mail de confirmation.<\/p>\n                            <\/div>\r\n                        <\/div>\r\n                    <\/div>\r\n                                        <div class=\"panel panel-default\">\r\n                        <div class=\"panel-heading\">\r\n                            <h4 class=\"panel-title\">\r\n                                <a class=\"collapsed\" role=\"button\"\r\n                                                                                            data-toggle=\"collapse\"\r\n                                                                                            data-parent=\"#accordion-79176851\"\r\n                                                                                            href=\"#collapse-14420704\"\r\n                                                                                            aria-expanded=\"true\"\r\n                                                                                            aria-controls=\"collapse-14420704\">\r\n\r\n                                    Puis-je modifier ma candidature apr\u00e8s l\u2019avoir envoy\u00e9e ?                                    <i class=\"careerfy-icon careerfy-arrow-right-fill\"><\/i>\r\n                                <\/a>\r\n                            <\/h4>\r\n                        <\/div>\r\n                        <div id=\"collapse-14420704\"\r\n                             class=\"panel-collapse collapse \">\r\n                            <div class=\"panel-body\">\r\n                                <p>Vous pouvez mettre \u00e0 jour vos informations personnelles, mais une candidature d\u00e9j\u00e0 soumise ne peut plus \u00eatre modifi\u00e9e.<\/p>\n                            <\/div>\r\n                        <\/div>\r\n                    <\/div>\r\n                                        <div class=\"panel panel-default\">\r\n                        <div class=\"panel-heading\">\r\n                            <h4 class=\"panel-title\">\r\n                                <a class=\"collapsed\" role=\"button\"\r\n                                                                                            data-toggle=\"collapse\"\r\n                                                                                            data-parent=\"#accordion-79176851\"\r\n                                                                                            href=\"#collapse-65021198\"\r\n                                                                                            aria-expanded=\"true\"\r\n                                                                                            aria-controls=\"collapse-65021198\">\r\n\r\n                                    Proposez-vous des stages ou alternances ?                                    <i class=\"careerfy-icon careerfy-arrow-right-fill\"><\/i>\r\n                                <\/a>\r\n                            <\/h4>\r\n                        <\/div>\r\n                        <div id=\"collapse-65021198\"\r\n                             class=\"panel-collapse collapse \">\r\n                            <div class=\"panel-body\">\r\n                                <p>Oui, la BEAC offre des stages acad\u00e9mique ou en alternance. Les demandes de stages \u00e0 la Banque Centrale doivent \u00eatre transmises \u00e0 l&#8217;adresse stageacademique@beac.int. Pour plus d&#8217;information consulter le lien: https:\/\/www.beac.int\/beac\/travailler-a-beac\/stages-acad\u00e9miques<\/p>\n                            <\/div>\r\n                        <\/div>\r\n                    <\/div>\r\n                                        <div class=\"panel panel-default\">\r\n                        <div class=\"panel-heading\">\r\n                            <h4 class=\"panel-title\">\r\n                                <a class=\"collapsed\" role=\"button\"\r\n                                                                                            data-toggle=\"collapse\"\r\n                                                                                            data-parent=\"#accordion-79176851\"\r\n                                                                                            href=\"#collapse-50954883\"\r\n                                                                                            aria-expanded=\"true\"\r\n                                                                                            aria-controls=\"collapse-50954883\">\r\n\r\n                                    Mes donn\u00e9es personnelles sont-elles prot\u00e9g\u00e9es ?                                    <i class=\"careerfy-icon careerfy-arrow-right-fill\"><\/i>\r\n                                <\/a>\r\n                            <\/h4>\r\n                        <\/div>\r\n                        <div id=\"collapse-50954883\"\r\n                             class=\"panel-collapse collapse \">\r\n                            <div class=\"panel-body\">\r\n                                <p>Oui, la BEAC prot\u00e8ge les donn\u00e9es \u00e0 carract\u00e8re personnel.<\/p>\n                            <\/div>\r\n                        <\/div>\r\n                    <\/div>\r\n                                        <div class=\"panel panel-default\">\r\n                        <div class=\"panel-heading\">\r\n                            <h4 class=\"panel-title\">\r\n                                <a class=\"collapsed\" role=\"button\"\r\n                                                                                            data-toggle=\"collapse\"\r\n                                                                                            data-parent=\"#accordion-79176851\"\r\n                                                                                            href=\"#collapse-29186692\"\r\n                                                                                            aria-expanded=\"true\"\r\n                                                                                            aria-controls=\"collapse-29186692\">\r\n\r\n                                    Que faire si j\u2019ai oubli\u00e9 mon mot de passe ?                                    <i class=\"careerfy-icon careerfy-arrow-right-fill\"><\/i>\r\n                                <\/a>\r\n                            <\/h4>\r\n                        <\/div>\r\n                        <div id=\"collapse-29186692\"\r\n                             class=\"panel-collapse collapse \">\r\n                            <div class=\"panel-body\">\r\n                                <p>Utilisez la fonction &#8220;Mot de passe oubli\u00e9&#8221; sur la page de connexion pour r\u00e9initialiser votre acc\u00e8s et un message sera transmis dans votre adresse \u00e9lectronique.<\/p>\n                            <\/div>\r\n                        <\/div>\r\n                    <\/div>\r\n                                        <div class=\"panel panel-default\">\r\n                        <div class=\"panel-heading\">\r\n                            <h4 class=\"panel-title\">\r\n                                <a class=\"collapsed\" role=\"button\"\r\n                                                                                            data-toggle=\"collapse\"\r\n                                                                                            data-parent=\"#accordion-79176851\"\r\n                                                                                            href=\"#collapse-32268342\"\r\n                                                                                            aria-expanded=\"true\"\r\n                                                                                            aria-controls=\"collapse-32268342\">\r\n\r\n                                    Quels documents dois-je fournir ?                                    <i class=\"careerfy-icon careerfy-arrow-right-fill\"><\/i>\r\n                                <\/a>\r\n                            <\/h4>\r\n                        <\/div>\r\n                        <div id=\"collapse-32268342\"\r\n                             class=\"panel-collapse collapse \">\r\n                            <div class=\"panel-body\">\r\n                                <p>Consulter l&#8217;avis d&#8217;appel d&#8217;offre publi\u00e9 sur le portail.<\/p>\n                            <\/div>\r\n                        <\/div>\r\n                    <\/div>\r\n                                        <div class=\"panel panel-default\">\r\n                        <div class=\"panel-heading\">\r\n                            <h4 class=\"panel-title\">\r\n                                <a class=\"collapsed\" role=\"button\"\r\n                                                                                            data-toggle=\"collapse\"\r\n                                                                                            data-parent=\"#accordion-79176851\"\r\n                                                                                            href=\"#collapse-73808991\"\r\n                                                                                            aria-expanded=\"true\"\r\n                                                                                            aria-controls=\"collapse-73808991\">\r\n\r\n                                    Comment se d\u00e9roule le processus de recrutement ?                                    <i class=\"careerfy-icon careerfy-arrow-right-fill\"><\/i>\r\n                                <\/a>\r\n                            <\/h4>\r\n                        <\/div>\r\n                        <div id=\"collapse-73808991\"\r\n                             class=\"panel-collapse collapse \">\r\n                            <div class=\"panel-body\">\r\n                                <p>Bien vouloir vous r\u00e9f\u00e9rer au menu &#8220;Politique RH&#8221; sur la page d&#8217;accueil et choisir l&#8217;onglet &#8220;Processus de recrutement&#8221;<\/p>\n                            <\/div>\r\n                        <\/div>\r\n                    <\/div>\r\n                                        <div class=\"panel panel-default\">\r\n                        <div class=\"panel-heading\">\r\n                            <h4 class=\"panel-title\">\r\n                                <a class=\"collapsed\" role=\"button\"\r\n                                                                                            data-toggle=\"collapse\"\r\n                                                                                            data-parent=\"#accordion-79176851\"\r\n                                                                                            href=\"#collapse-25549619\"\r\n                                                                                            aria-expanded=\"true\"\r\n                                                                                            aria-controls=\"collapse-25549619\">\r\n\r\n                                    Comment rester inform\u00e9(e) des nouvelles offres ?                                    <i class=\"careerfy-icon careerfy-arrow-right-fill\"><\/i>\r\n                                <\/a>\r\n                            <\/h4>\r\n                        <\/div>\r\n                        <div id=\"collapse-25549619\"\r\n                             class=\"panel-collapse collapse \">\r\n                            <div class=\"panel-body\">\r\n                                <p>Inscrivez-vous \u00e0 notre alerte emploi pour recevoir directement par e-mail les nouvelles opportunit\u00e9s correspondant \u00e0 votre profil.<\/p>\n                            <\/div>\r\n                        <\/div>\r\n                    <\/div>\r\n                                <\/div>\r\n\r\n                [\/vc_column][\/vc_row]<\/p>\n","protected":false},"excerpt":{"rendered":"<p>[vc_row][vc_column][\/vc_column][\/vc_row][vc_row][vc_column width=&#8221;1\/4&#8243;][\/vc_column][vc_column width=&#8221;3\/4&#8243;][\/vc_column][\/vc_row]<\/p>\n","protected":false},"author":1,"featured_media":0,"parent":0,"menu_order":0,"comment_status":"closed","ping_status":"closed","template":"","meta":{"footnotes":""},"class_list":["post-202","page","type-page","status-publish","hentry"],"_links":{"self":[{"href":"https:\/\/www.beac.int\/recrutement\/wp-json\/wp\/v2\/pages\/202","targetHints":{"allow":["GET"]}}],"collection":[{"href":"https:\/\/www.beac.int\/recrutement\/wp-json\/wp\/v2\/pages"}],"about":[{"href":"https:\/\/www.beac.int\/recrutement\/wp-json\/wp\/v2\/types\/page"}],"author":[{"embeddable":true,"href":"https:\/\/www.beac.int\/recrutement\/wp-json\/wp\/v2\/users\/1"}],"replies":[{"embeddable":true,"href":"https:\/\/www.beac.int\/recrutement\/wp-json\/wp\/v2\/comments?post=202"}],"version-history":[{"count":0,"href":"https:\/\/www.beac.int\/recrutement\/wp-json\/wp\/v2\/pages\/202\/revisions"}],"wp:attachment":[{"href":"https:\/\/www.beac.int\/recrutement\/wp-json\/wp\/v2\/media?parent=202"}],"curies":[{"name":"wp","href":"https:\/\/api.w.org\/{rel}","templated":true}]}}